{"id":24,"date":"2018-06-28T16:09:13","date_gmt":"2018-06-28T14:09:13","guid":{"rendered":"http:\/\/nowa.haccp-szkolenia.pl\/?post_type=product&#038;p=24"},"modified":"2026-04-03T19:09:58","modified_gmt":"2026-04-03T17:09:58","slug":"szkolenie-audyt-haccp","status":"publish","type":"product","link":"https:\/\/haccponline.pl\/sklep\/produkt\/szkolenie-audyt-haccp\/","title":{"rendered":"Szkolenie AUDYT HACCP &#8211; sektor spo\u017cywczy"},"content":{"rendered":"<p>Szkolenie z zakresu zarz\u0105dzania bezpiecze\u0144stwem \u017cywno\u015bci, w tym audyt systemu HACCP, przeznaczone dla sektora spo\u017cywczego. Kurs dla kadry zarz\u0105dzaj\u0105cej w firmach z sektora spo\u017cywczego jak r\u00f3wnie\u017c z tym sektorem zwi\u0105zanych.<\/p>\n<div class=\"wcinfo now\">Szkolenie dost\u0119pne bezpo\u015brednio po zakupie<\/div>\n","protected":false},"excerpt":{"rendered":"<ul>\n<li>Szkolenie &#8211; zarz\u0105dzanie bezpiecze\u0144stwem \u017cywno\u015bci<\/li>\n<li>Zasady audytu systemu HACCP<\/li>\n<li>Przeznaczone dla kadry zarz\u0105dzaj\u0105cej sektora spo\u017cywczego<\/li>\n<\/ul>\n","protected":false},"featured_media":5838,"comment_status":"closed","ping_status":"closed","template":"","meta":{"site-sidebar-layout":"default","site-content-layout":"","ast-site-content-layout":"default","site-content-style":"default","site-sidebar-style":"default","ast-global-header-display":"","ast-banner-title-visibility":"","ast-main-header-display":"","ast-hfb-above-header-display":"","ast-hfb-below-header-display":"","ast-hfb-mobile-header-display":"","site-post-title":"","ast-breadcrumbs-content":"","ast-featured-img":"","footer-sml-layout":"","ast-disable-related-posts":"","theme-transparent-header-meta":"default","adv-header-id-meta":"","stick-header-meta":"","header-above-stick-meta":"","header-main-stick-meta":"","header-below-stick-meta":"","astra-migrate-meta-layouts":"set","ast-page-background-enabled":"default","ast-page-background-meta":{"desktop":{"background-color":"var(--ast-global-color-4)","background-image":"","background-repeat":"repeat","background-position":"center center","background-size":"auto","background-attachment":"scroll","background-type":"","background-media":"","overlay-type":"","overlay-color":"","overlay-opacity":"","overlay-gradient":""},"tablet":{"background-color":"","background-image":"","background-repeat":"repeat","background-position":"center center","background-size":"auto","background-attachment":"scroll","background-type":"","background-media":"","overlay-type":"","overlay-color":"","overlay-opacity":"","overlay-gradient":""},"mobile":{"background-color":"","background-image":"","background-repeat":"repeat","background-position":"center center","background-size":"auto","background-attachment":"scroll","background-type":"","background-media":"","overlay-type":"","overlay-color":"","overlay-opacity":"","overlay-gradient":""}},"ast-content-background-meta":{"desktop":{"background-color":"var(--ast-global-color-5)","background-image":"","background-repeat":"repeat","background-position":"center center","background-size":"auto","background-attachment":"scroll","background-type":"","background-media":"","overlay-type":"","overlay-color":"","overlay-opacity":"","overlay-gradient":""},"tablet":{"background-color":"var(--ast-global-color-5)","background-image":"","background-repeat":"repeat","background-position":"center center","background-size":"auto","background-attachment":"scroll","background-type":"","background-media":"","overlay-type":"","overlay-color":"","overlay-opacity":"","overlay-gradient":""},"mobile":{"background-color":"var(--ast-global-color-5)","background-image":"","background-repeat":"repeat","background-position":"center center","background-size":"auto","background-attachment":"scroll","background-type":"","background-media":"","overlay-type":"","overlay-color":"","overlay-opacity":"","overlay-gradient":""}}},"product_brand":[],"product_cat":[67,23],"product_tag":[28],"class_list":{"0":"post-24","1":"product","2":"type-product","3":"status-publish","4":"has-post-thumbnail","6":"product_cat-audyt-haccp","7":"product_cat-szkolenia-online-audyt","8":"product_tag-audyt-haccp","9":"desktop-align-center","10":"tablet-align-left","11":"mobile-align-left","13":"first","14":"instock","15":"virtual","16":"taxable","17":"purchasable","18":"product-type-simple"},"yoast_head":"<!-- This site is optimized with the Yoast SEO plugin v27.3 - https:\/\/yoast.com\/product\/yoast-seo-wordpress\/ -->\n<title>Szkolenie AUDYT HACCP - sektor spo\u017cywczy | HACCP Platforma szkoleniowa<\/title>\n<meta name=\"description\" content=\"Szkolenie AUDYT HACCP dla kadry zarz\u0105dzaj\u0105cej sektora spo\u017cywczego z zakresu zarz\u0105dzania bezpiecze\u0144stwem \u017cywno\u015bci, w tym audyt systemu HACCP.\" \/>\n<meta name=\"robots\" content=\"index, follow, max-snippet:-1, max-image-preview:large, max-video-preview:-1\" \/>\n<link rel=\"canonical\" href=\"https:\/\/haccponline.pl\/sklep\/produkt\/szkolenie-audyt-haccp\/\" \/>\n<meta property=\"og:locale\" content=\"pl_PL\" \/>\n<meta property=\"og:type\" content=\"article\" \/>\n<meta property=\"og:title\" content=\"Szkolenie AUDYT HACCP - sektor spo\u017cywczy | HACCP Platforma szkoleniowa\" \/>\n<meta property=\"og:description\" content=\"Szkolenie AUDYT HACCP dla kadry zarz\u0105dzaj\u0105cej sektora spo\u017cywczego z zakresu zarz\u0105dzania bezpiecze\u0144stwem \u017cywno\u015bci, w tym audyt systemu HACCP.\" \/>\n<meta property=\"og:url\" content=\"https:\/\/haccponline.pl\/sklep\/produkt\/szkolenie-audyt-haccp\/\" \/>\n<meta property=\"og:site_name\" content=\"HACCP Platforma szkoleniowa\" \/>\n<meta property=\"article:publisher\" content=\"https:\/\/www.facebook.com\/HaccpOnline\/\" \/>\n<meta property=\"article:modified_time\" content=\"2026-04-03T17:09:58+00:00\" \/>\n<meta property=\"og:image\" content=\"https:\/\/haccponline.pl\/sklep\/wp-content\/uploads\/2018\/06\/haccp-product-thumb.webp\" \/>\n\t<meta property=\"og:image:width\" content=\"600\" \/>\n\t<meta property=\"og:image:height\" content=\"600\" \/>\n\t<meta property=\"og:image:type\" content=\"image\/webp\" \/>\n<meta name=\"twitter:card\" content=\"summary_large_image\" \/>\n<meta name=\"twitter:label1\" content=\"Szacowany czas czytania\" \/>\n\t<meta name=\"twitter:data1\" content=\"1 minuta\" \/>\n<script type=\"application\/ld+json\" class=\"yoast-schema-graph\">{\"@context\":\"https:\\\/\\\/schema.org\",\"@graph\":[{\"@type\":\"WebPage\",\"@id\":\"https:\\\/\\\/haccponline.pl\\\/sklep\\\/produkt\\\/szkolenie-audyt-haccp\\\/\",\"url\":\"https:\\\/\\\/haccponline.pl\\\/sklep\\\/produkt\\\/szkolenie-audyt-haccp\\\/\",\"name\":\"Szkolenie AUDYT HACCP - sektor spo\u017cywczy | HACCP Platforma szkoleniowa\",\"isPartOf\":{\"@id\":\"https:\\\/\\\/haccponline.pl\\\/sklep\\\/#website\"},\"primaryImageOfPage\":{\"@id\":\"https:\\\/\\\/haccponline.pl\\\/sklep\\\/produkt\\\/szkolenie-audyt-haccp\\\/#primaryimage\"},\"image\":{\"@id\":\"https:\\\/\\\/haccponline.pl\\\/sklep\\\/produkt\\\/szkolenie-audyt-haccp\\\/#primaryimage\"},\"thumbnailUrl\":\"https:\\\/\\\/haccponline.pl\\\/sklep\\\/wp-content\\\/uploads\\\/2018\\\/06\\\/haccp-product-thumb.webp\",\"datePublished\":\"2018-06-28T14:09:13+00:00\",\"dateModified\":\"2026-04-03T17:09:58+00:00\",\"description\":\"Szkolenie AUDYT HACCP dla kadry zarz\u0105dzaj\u0105cej sektora spo\u017cywczego z zakresu zarz\u0105dzania bezpiecze\u0144stwem \u017cywno\u015bci, w tym audyt systemu HACCP.\",\"breadcrumb\":{\"@id\":\"https:\\\/\\\/haccponline.pl\\\/sklep\\\/produkt\\\/szkolenie-audyt-haccp\\\/#breadcrumb\"},\"inLanguage\":\"pl-PL\",\"potentialAction\":[{\"@type\":\"ReadAction\",\"target\":[\"https:\\\/\\\/haccponline.pl\\\/sklep\\\/produkt\\\/szkolenie-audyt-haccp\\\/\"]}]},{\"@type\":\"ImageObject\",\"inLanguage\":\"pl-PL\",\"@id\":\"https:\\\/\\\/haccponline.pl\\\/sklep\\\/produkt\\\/szkolenie-audyt-haccp\\\/#primaryimage\",\"url\":\"https:\\\/\\\/haccponline.pl\\\/sklep\\\/wp-content\\\/uploads\\\/2018\\\/06\\\/haccp-product-thumb.webp\",\"contentUrl\":\"https:\\\/\\\/haccponline.pl\\\/sklep\\\/wp-content\\\/uploads\\\/2018\\\/06\\\/haccp-product-thumb.webp\",\"width\":600,\"height\":600},{\"@type\":\"BreadcrumbList\",\"@id\":\"https:\\\/\\\/haccponline.pl\\\/sklep\\\/produkt\\\/szkolenie-audyt-haccp\\\/#breadcrumb\",\"itemListElement\":[{\"@type\":\"ListItem\",\"position\":1,\"name\":\"Strona g\u0142\u00f3wna\",\"item\":\"https:\\\/\\\/haccponline.pl\\\/sklep\\\/\"},{\"@type\":\"ListItem\",\"position\":2,\"name\":\"PLATFORMA HACCP Online\",\"item\":\"https:\\\/\\\/haccponline.pl\\\/sklep\\\/haccp-online\\\/\"},{\"@type\":\"ListItem\",\"position\":3,\"name\":\"Szkolenie AUDYT HACCP &#8211; sektor spo\u017cywczy\"}]},{\"@type\":\"WebSite\",\"@id\":\"https:\\\/\\\/haccponline.pl\\\/sklep\\\/#website\",\"url\":\"https:\\\/\\\/haccponline.pl\\\/sklep\\\/\",\"name\":\"HACCP Platforma szkoleniowa\",\"description\":\"HACCP Platforma szkoleniowa\",\"publisher\":{\"@id\":\"https:\\\/\\\/haccponline.pl\\\/sklep\\\/#organization\"},\"potentialAction\":[{\"@type\":\"SearchAction\",\"target\":{\"@type\":\"EntryPoint\",\"urlTemplate\":\"https:\\\/\\\/haccponline.pl\\\/sklep\\\/?s={search_term_string}\"},\"query-input\":{\"@type\":\"PropertyValueSpecification\",\"valueRequired\":true,\"valueName\":\"search_term_string\"}}],\"inLanguage\":\"pl-PL\"},{\"@type\":\"Organization\",\"@id\":\"https:\\\/\\\/haccponline.pl\\\/sklep\\\/#organization\",\"name\":\"HACCP ONLINE\",\"url\":\"https:\\\/\\\/haccponline.pl\\\/sklep\\\/\",\"logo\":{\"@type\":\"ImageObject\",\"inLanguage\":\"pl-PL\",\"@id\":\"https:\\\/\\\/haccponline.pl\\\/sklep\\\/#\\\/schema\\\/logo\\\/image\\\/\",\"url\":\"https:\\\/\\\/haccponline.pl\\\/sklep\\\/wp-content\\\/uploads\\\/2018\\\/06\\\/haccp.png\",\"contentUrl\":\"https:\\\/\\\/haccponline.pl\\\/sklep\\\/wp-content\\\/uploads\\\/2018\\\/06\\\/haccp.png\",\"width\":234,\"height\":58,\"caption\":\"HACCP ONLINE\"},\"image\":{\"@id\":\"https:\\\/\\\/haccponline.pl\\\/sklep\\\/#\\\/schema\\\/logo\\\/image\\\/\"},\"sameAs\":[\"https:\\\/\\\/www.facebook.com\\\/HaccpOnline\\\/\"]}]}<\/script>\n<!-- \/ Yoast SEO plugin. -->","yoast_head_json":{"title":"Szkolenie AUDYT HACCP - sektor spo\u017cywczy | HACCP Platforma szkoleniowa","description":"Szkolenie AUDYT HACCP dla kadry zarz\u0105dzaj\u0105cej sektora spo\u017cywczego z zakresu zarz\u0105dzania bezpiecze\u0144stwem \u017cywno\u015bci, w tym audyt systemu HACCP.","robots":{"index":"index","follow":"follow","max-snippet":"max-snippet:-1","max-image-preview":"max-image-preview:large","max-video-preview":"max-video-preview:-1"},"canonical":"https:\/\/haccponline.pl\/sklep\/produkt\/szkolenie-audyt-haccp\/","og_locale":"pl_PL","og_type":"article","og_title":"Szkolenie AUDYT HACCP - sektor spo\u017cywczy | HACCP Platforma szkoleniowa","og_description":"Szkolenie AUDYT HACCP dla kadry zarz\u0105dzaj\u0105cej sektora spo\u017cywczego z zakresu zarz\u0105dzania bezpiecze\u0144stwem \u017cywno\u015bci, w tym audyt systemu HACCP.","og_url":"https:\/\/haccponline.pl\/sklep\/produkt\/szkolenie-audyt-haccp\/","og_site_name":"HACCP Platforma szkoleniowa","article_publisher":"https:\/\/www.facebook.com\/HaccpOnline\/","article_modified_time":"2026-04-03T17:09:58+00:00","og_image":[{"width":600,"height":600,"url":"https:\/\/haccponline.pl\/sklep\/wp-content\/uploads\/2018\/06\/haccp-product-thumb.webp","type":"image\/webp"}],"twitter_card":"summary_large_image","twitter_misc":{"Szacowany czas czytania":"1 minuta"},"schema":{"@context":"https:\/\/schema.org","@graph":[{"@type":"WebPage","@id":"https:\/\/haccponline.pl\/sklep\/produkt\/szkolenie-audyt-haccp\/","url":"https:\/\/haccponline.pl\/sklep\/produkt\/szkolenie-audyt-haccp\/","name":"Szkolenie AUDYT HACCP - sektor spo\u017cywczy | HACCP Platforma szkoleniowa","isPartOf":{"@id":"https:\/\/haccponline.pl\/sklep\/#website"},"primaryImageOfPage":{"@id":"https:\/\/haccponline.pl\/sklep\/produkt\/szkolenie-audyt-haccp\/#primaryimage"},"image":{"@id":"https:\/\/haccponline.pl\/sklep\/produkt\/szkolenie-audyt-haccp\/#primaryimage"},"thumbnailUrl":"https:\/\/haccponline.pl\/sklep\/wp-content\/uploads\/2018\/06\/haccp-product-thumb.webp","datePublished":"2018-06-28T14:09:13+00:00","dateModified":"2026-04-03T17:09:58+00:00","description":"Szkolenie AUDYT HACCP dla kadry zarz\u0105dzaj\u0105cej sektora spo\u017cywczego z zakresu zarz\u0105dzania bezpiecze\u0144stwem \u017cywno\u015bci, w tym audyt systemu HACCP.","breadcrumb":{"@id":"https:\/\/haccponline.pl\/sklep\/produkt\/szkolenie-audyt-haccp\/#breadcrumb"},"inLanguage":"pl-PL","potentialAction":[{"@type":"ReadAction","target":["https:\/\/haccponline.pl\/sklep\/produkt\/szkolenie-audyt-haccp\/"]}]},{"@type":"ImageObject","inLanguage":"pl-PL","@id":"https:\/\/haccponline.pl\/sklep\/produkt\/szkolenie-audyt-haccp\/#primaryimage","url":"https:\/\/haccponline.pl\/sklep\/wp-content\/uploads\/2018\/06\/haccp-product-thumb.webp","contentUrl":"https:\/\/haccponline.pl\/sklep\/wp-content\/uploads\/2018\/06\/haccp-product-thumb.webp","width":600,"height":600},{"@type":"BreadcrumbList","@id":"https:\/\/haccponline.pl\/sklep\/produkt\/szkolenie-audyt-haccp\/#breadcrumb","itemListElement":[{"@type":"ListItem","position":1,"name":"Strona g\u0142\u00f3wna","item":"https:\/\/haccponline.pl\/sklep\/"},{"@type":"ListItem","position":2,"name":"PLATFORMA HACCP Online","item":"https:\/\/haccponline.pl\/sklep\/haccp-online\/"},{"@type":"ListItem","position":3,"name":"Szkolenie AUDYT HACCP &#8211; sektor spo\u017cywczy"}]},{"@type":"WebSite","@id":"https:\/\/haccponline.pl\/sklep\/#website","url":"https:\/\/haccponline.pl\/sklep\/","name":"HACCP Platforma szkoleniowa","description":"HACCP Platforma szkoleniowa","publisher":{"@id":"https:\/\/haccponline.pl\/sklep\/#organization"},"potentialAction":[{"@type":"SearchAction","target":{"@type":"EntryPoint","urlTemplate":"https:\/\/haccponline.pl\/sklep\/?s={search_term_string}"},"query-input":{"@type":"PropertyValueSpecification","valueRequired":true,"valueName":"search_term_string"}}],"inLanguage":"pl-PL"},{"@type":"Organization","@id":"https:\/\/haccponline.pl\/sklep\/#organization","name":"HACCP ONLINE","url":"https:\/\/haccponline.pl\/sklep\/","logo":{"@type":"ImageObject","inLanguage":"pl-PL","@id":"https:\/\/haccponline.pl\/sklep\/#\/schema\/logo\/image\/","url":"https:\/\/haccponline.pl\/sklep\/wp-content\/uploads\/2018\/06\/haccp.png","contentUrl":"https:\/\/haccponline.pl\/sklep\/wp-content\/uploads\/2018\/06\/haccp.png","width":234,"height":58,"caption":"HACCP ONLINE"},"image":{"@id":"https:\/\/haccponline.pl\/sklep\/#\/schema\/logo\/image\/"},"sameAs":["https:\/\/www.facebook.com\/HaccpOnline\/"]}]}},"_links":{"self":[{"href":"https:\/\/haccponline.pl\/sklep\/wp-json\/wp\/v2\/product\/24","targetHints":{"allow":["GET"]}}],"collection":[{"href":"https:\/\/haccponline.pl\/sklep\/wp-json\/wp\/v2\/product"}],"about":[{"href":"https:\/\/haccponline.pl\/sklep\/wp-json\/wp\/v2\/types\/product"}],"replies":[{"embeddable":true,"href":"https:\/\/haccponline.pl\/sklep\/wp-json\/wp\/v2\/comments?post=24"}],"wp:featuredmedia":[{"embeddable":true,"href":"https:\/\/haccponline.pl\/sklep\/wp-json\/wp\/v2\/media\/5838"}],"wp:attachment":[{"href":"https:\/\/haccponline.pl\/sklep\/wp-json\/wp\/v2\/media?parent=24"}],"wp:term":[{"taxonomy":"product_brand","embeddable":true,"href":"https:\/\/haccponline.pl\/sklep\/wp-json\/wp\/v2\/product_brand?post=24"},{"taxonomy":"product_cat","embeddable":true,"href":"https:\/\/haccponline.pl\/sklep\/wp-json\/wp\/v2\/product_cat?post=24"},{"taxonomy":"product_tag","embeddable":true,"href":"https:\/\/haccponline.pl\/sklep\/wp-json\/wp\/v2\/product_tag?post=24"}],"curies":[{"name":"wp","href":"https:\/\/api.w.org\/{rel}","templated":true}]}}