{"id":3671,"date":"2022-12-27T13:10:55","date_gmt":"2022-12-27T12:10:55","guid":{"rendered":"https:\/\/haccponline.pl\/sklep\/?post_type=product&#038;p=3671"},"modified":"2026-04-03T18:59:01","modified_gmt":"2026-04-03T16:59:01","slug":"audyt-certyfikat-haccp","status":"publish","type":"product","link":"https:\/\/haccponline.pl\/sklep\/produkt\/audyt-certyfikat-haccp\/","title":{"rendered":"Audyt &#8211; Certyfikat HACCP"},"content":{"rendered":"<p><strong>Audyt i certyfikat wdro\u017cenia systemu HACCP<\/strong> jest pisemnym potwierdzeniem, \u017ce w Twojej firmie poprawnie wdro\u017cono system HACCP. Jest to obowi\u0105zkowy w sektorze spo\u017cywczym system zarz\u0105dzania bezpiecze\u0144stwem i higien\u0105 \u017cywno\u015bci. Wydanie <strong>certyfikatu HACCP<\/strong> poprzedza <strong>audyt<\/strong> systemu kontroli jako\u015bci w firmie produkuj\u0105cej, przetwarzaj\u0105cej b\u0105d\u017a dystrybuuj\u0105cej \u017cywno\u015b\u0107. Szybki audyt online wykonany przez naszego do\u015bwiadczonego audytora i Konsultanta ds. Bezpiecze\u0144stwa \u017bywno\u015bci potwierdza, i\u017c przestrzega si\u0119 wszystkich procedur bezpiecze\u0144stwa \u017cywno\u015bci w Twojej firmie, a ewentualny zakup produkt\u00f3w przez klienta nie wi\u0105\u017ce si\u0119 z ryzykiem.<\/p>\n<p><strong>Co daje certyfikat wdro\u017cenia HACCP?<\/strong><\/p>\n<ul>\n<li>Pewno\u015b\u0107, i\u017c system HACCP wdro\u017cono poprawnie w Twojej firmie, tzn., spe\u0142nia wymagania Sanepidu.<\/li>\n<li>Mo\u017cliwo\u015b\u0107 ubiegania si\u0119 o nowe zam\u00f3wienia, w tym r\u00f3wnie\u017c publiczne, poniewa\u017c certyfikat wdro\u017cenia HACCP jest coraz cz\u0119\u015bciej dokumentem wymaganym w przetargach.<\/li>\n<li>Odpowiedni\u0105 kontrol\u0119 procesu na ka\u017cdym etapie produkcji, przetwarzania oraz dystrybucji \u017cywno\u015bci, dzi\u0119ki czemu zmniejsza si\u0119 ryzyko potencjalnych strat oraz zatru\u0107.<\/li>\n<\/ul>\n<p style=\"text-align: center;\"><strong>Dzi\u0119ki odpowiedniej kontroli \u017cywno\u015bci, zyskujesz wiarygodno\u015b\u0107 w oczach klient\u00f3w!<\/strong><\/p>\n<p style=\"text-align: left;\"><strong>Jak otrzyma\u0107 certyfikat wdro\u017cenia HACCP?<\/strong><\/p>\n<ul>\n<li>Dokonaj zakupu us\u0142ugi Audyt &#8211; Certyfikat HACCP.<\/li>\n<li>Prze\u015blij decyzj\u0119 Sanepidu lub Weterynarii oraz inne dokumenty, o kt\u00f3re poprosi konsultant.<\/li>\n<li>Nast\u0119pnie audytor dokona rzetelnej analizy i oceny na podstawie wcze\u015bniej przes\u0142anej dokumentacji.<\/li>\n<li>Ostatni etap, to opracowanie raportu przez audytora certyfikuj\u0105cego oraz wydanie certyfikatu.<\/li>\n<\/ul>\n<p><strong>Zasady realizacji us\u0142ugi<\/strong><\/p>\n<ul>\n<li style=\"list-style-type: none;\">\n<ul>\n<li style=\"list-style-type: none;\">\n<ul>\n<li>Us\u0142uga przeznaczona dla podmiot\u00f3w posiadaj\u0105cych decyzj\u0119 Sanepidu lub Weterynarii na prowadzenie odpowiedniej dzia\u0142alno\u015bci oraz prowadz\u0105cych dokumentacj\u0119 HACCP.<\/li>\n<li>Podana cena dotyczy certyfikacji ma\u0142ych podmiot\u00f3w \u0142a\u0144cucha \u017cywno\u015bciowego, zatrudniaj\u0105cych nie wi\u0119cej ni\u017c 10 os\u00f3b.<\/li>\n<li>Audyt dokonywany jest zdalnie na podstawie przes\u0142anej dokumentacji &#8211; m.in. decyzji jednostek kontrolnych, prowadzonej dokumentacji, ankiety oraz innych dokument\u00f3w, o kt\u00f3re ma prawo poprosi\u0107 dodatkowo audytor.<\/li>\n<li>Wydanie certyfikatu jest uzale\u017cnione od tego czy podmiot spe\u0142nia wymagania obowi\u0105zuj\u0105cego prawa \u017cywno\u015bciowego.<\/li>\n<li>Realizacja &#8211; do 7 dni roboczych, pod warunkiem terminowego przes\u0142ania dokumentacji. Po uzgodnieniu do 24 godz po odes\u0142aniu ankiety za dop\u0142at\u0105.<\/li>\n<\/ul>\n<\/li>\n<\/ul>\n<\/li>\n<\/ul>\n<p>W przypadku pyta\u0144 <a href=\"https:\/\/haccponline.pl\/kontakt\/\">prosimy o kontakt<\/a><\/p>\n","protected":false},"excerpt":{"rendered":"<ul>\n<li>Certyfikat wdro\u017cenia systemu HACCP<\/li>\n<li>Audyt systemu HACCP online<\/li>\n<li>Termin &#8211; 7 dni roboczych<\/li>\n<\/ul>\n","protected":false},"featured_media":5838,"comment_status":"closed","ping_status":"closed","template":"","meta":{"site-sidebar-layout":"default","site-content-layout":"","ast-site-content-layout":"default","site-content-style":"default","site-sidebar-style":"default","ast-global-header-display":"","ast-banner-title-visibility":"","ast-main-header-display":"","ast-hfb-above-header-display":"","ast-hfb-below-header-display":"","ast-hfb-mobile-header-display":"","site-post-title":"","ast-breadcrumbs-content":"","ast-featured-img":"","footer-sml-layout":"","ast-disable-related-posts":"","theme-transparent-header-meta":"default","adv-header-id-meta":"","stick-header-meta":"","header-above-stick-meta":"","header-main-stick-meta":"","header-below-stick-meta":"","astra-migrate-meta-layouts":"set","ast-page-background-enabled":"default","ast-page-background-meta":{"desktop":{"background-color":"var(--ast-global-color-4)","background-image":"","background-repeat":"repeat","background-position":"center center","background-size":"auto","background-attachment":"scroll","background-type":"","background-media":"","overlay-type":"","overlay-color":"","overlay-opacity":"","overlay-gradient":""},"tablet":{"background-color":"","background-image":"","background-repeat":"repeat","background-position":"center center","background-size":"auto","background-attachment":"scroll","background-type":"","background-media":"","overlay-type":"","overlay-color":"","overlay-opacity":"","overlay-gradient":""},"mobile":{"background-color":"","background-image":"","background-repeat":"repeat","background-position":"center center","background-size":"auto","background-attachment":"scroll","background-type":"","background-media":"","overlay-type":"","overlay-color":"","overlay-opacity":"","overlay-gradient":""}},"ast-content-background-meta":{"desktop":{"background-color":"var(--ast-global-color-5)","background-image":"","background-repeat":"repeat","background-position":"center center","background-size":"auto","background-attachment":"scroll","background-type":"","background-media":"","overlay-type":"","overlay-color":"","overlay-opacity":"","overlay-gradient":""},"tablet":{"background-color":"var(--ast-global-color-5)","background-image":"","background-repeat":"repeat","background-position":"center center","background-size":"auto","background-attachment":"scroll","background-type":"","background-media":"","overlay-type":"","overlay-color":"","overlay-opacity":"","overlay-gradient":""},"mobile":{"background-color":"var(--ast-global-color-5)","background-image":"","background-repeat":"repeat","background-position":"center center","background-size":"auto","background-attachment":"scroll","background-type":"","background-media":"","overlay-type":"","overlay-color":"","overlay-opacity":"","overlay-gradient":""}}},"product_brand":[],"product_cat":[67],"product_tag":[],"class_list":{"0":"post-3671","1":"product","2":"type-product","3":"status-publish","4":"has-post-thumbnail","6":"product_cat-audyt-haccp","7":"desktop-align-center","8":"tablet-align-left","9":"mobile-align-left","11":"first","12":"instock","13":"downloadable","14":"virtual","15":"taxable","16":"purchasable","17":"product-type-simple"},"yoast_head":"<!-- This site is optimized with the Yoast SEO plugin v27.3 - https:\/\/yoast.com\/product\/yoast-seo-wordpress\/ -->\n<title>Audyt - Certyfikat HACCP | HACCP Platforma szkoleniowa<\/title>\n<meta name=\"description\" content=\"Audyt oraz certyfikat potwierdzaj\u0105cy wdro\u017cenie systemu HACCP. Weryfikacja systemu zarz\u0105dzania bezpiecze\u0144stwem i higien\u0105 \u017cywno\u015bci.\" \/>\n<meta name=\"robots\" content=\"index, follow, max-snippet:-1, max-image-preview:large, max-video-preview:-1\" \/>\n<link rel=\"canonical\" href=\"https:\/\/haccponline.pl\/sklep\/produkt\/audyt-certyfikat-haccp\/\" \/>\n<meta property=\"og:locale\" content=\"pl_PL\" \/>\n<meta property=\"og:type\" content=\"article\" \/>\n<meta property=\"og:title\" content=\"Audyt - Certyfikat HACCP | HACCP Platforma szkoleniowa\" \/>\n<meta property=\"og:description\" content=\"Audyt oraz certyfikat potwierdzaj\u0105cy wdro\u017cenie systemu HACCP. Weryfikacja systemu zarz\u0105dzania bezpiecze\u0144stwem i higien\u0105 \u017cywno\u015bci.\" \/>\n<meta property=\"og:url\" content=\"https:\/\/haccponline.pl\/sklep\/produkt\/audyt-certyfikat-haccp\/\" \/>\n<meta property=\"og:site_name\" content=\"HACCP Platforma szkoleniowa\" \/>\n<meta property=\"article:publisher\" content=\"https:\/\/www.facebook.com\/HaccpOnline\/\" \/>\n<meta property=\"article:modified_time\" content=\"2026-04-03T16:59:01+00:00\" \/>\n<meta property=\"og:image\" content=\"https:\/\/haccponline.pl\/sklep\/wp-content\/uploads\/2018\/06\/haccp-product-thumb.webp\" \/>\n\t<meta property=\"og:image:width\" content=\"600\" \/>\n\t<meta property=\"og:image:height\" content=\"600\" \/>\n\t<meta property=\"og:image:type\" content=\"image\/webp\" \/>\n<meta name=\"twitter:card\" content=\"summary_large_image\" \/>\n<meta name=\"twitter:label1\" content=\"Szacowany czas czytania\" \/>\n\t<meta name=\"twitter:data1\" content=\"2 minuty\" \/>\n<script type=\"application\/ld+json\" class=\"yoast-schema-graph\">{\"@context\":\"https:\\\/\\\/schema.org\",\"@graph\":[{\"@type\":\"WebPage\",\"@id\":\"https:\\\/\\\/haccponline.pl\\\/sklep\\\/produkt\\\/audyt-certyfikat-haccp\\\/\",\"url\":\"https:\\\/\\\/haccponline.pl\\\/sklep\\\/produkt\\\/audyt-certyfikat-haccp\\\/\",\"name\":\"Audyt - Certyfikat HACCP | HACCP Platforma szkoleniowa\",\"isPartOf\":{\"@id\":\"https:\\\/\\\/haccponline.pl\\\/sklep\\\/#website\"},\"primaryImageOfPage\":{\"@id\":\"https:\\\/\\\/haccponline.pl\\\/sklep\\\/produkt\\\/audyt-certyfikat-haccp\\\/#primaryimage\"},\"image\":{\"@id\":\"https:\\\/\\\/haccponline.pl\\\/sklep\\\/produkt\\\/audyt-certyfikat-haccp\\\/#primaryimage\"},\"thumbnailUrl\":\"https:\\\/\\\/haccponline.pl\\\/sklep\\\/wp-content\\\/uploads\\\/2018\\\/06\\\/haccp-product-thumb.webp\",\"datePublished\":\"2022-12-27T12:10:55+00:00\",\"dateModified\":\"2026-04-03T16:59:01+00:00\",\"description\":\"Audyt oraz certyfikat potwierdzaj\u0105cy wdro\u017cenie systemu HACCP. Weryfikacja systemu zarz\u0105dzania bezpiecze\u0144stwem i higien\u0105 \u017cywno\u015bci.\",\"breadcrumb\":{\"@id\":\"https:\\\/\\\/haccponline.pl\\\/sklep\\\/produkt\\\/audyt-certyfikat-haccp\\\/#breadcrumb\"},\"inLanguage\":\"pl-PL\",\"potentialAction\":[{\"@type\":\"ReadAction\",\"target\":[\"https:\\\/\\\/haccponline.pl\\\/sklep\\\/produkt\\\/audyt-certyfikat-haccp\\\/\"]}]},{\"@type\":\"ImageObject\",\"inLanguage\":\"pl-PL\",\"@id\":\"https:\\\/\\\/haccponline.pl\\\/sklep\\\/produkt\\\/audyt-certyfikat-haccp\\\/#primaryimage\",\"url\":\"https:\\\/\\\/haccponline.pl\\\/sklep\\\/wp-content\\\/uploads\\\/2018\\\/06\\\/haccp-product-thumb.webp\",\"contentUrl\":\"https:\\\/\\\/haccponline.pl\\\/sklep\\\/wp-content\\\/uploads\\\/2018\\\/06\\\/haccp-product-thumb.webp\",\"width\":600,\"height\":600},{\"@type\":\"BreadcrumbList\",\"@id\":\"https:\\\/\\\/haccponline.pl\\\/sklep\\\/produkt\\\/audyt-certyfikat-haccp\\\/#breadcrumb\",\"itemListElement\":[{\"@type\":\"ListItem\",\"position\":1,\"name\":\"Strona g\u0142\u00f3wna\",\"item\":\"https:\\\/\\\/haccponline.pl\\\/sklep\\\/\"},{\"@type\":\"ListItem\",\"position\":2,\"name\":\"PLATFORMA HACCP Online\",\"item\":\"https:\\\/\\\/haccponline.pl\\\/sklep\\\/haccp-online\\\/\"},{\"@type\":\"ListItem\",\"position\":3,\"name\":\"Audyt &#8211; Certyfikat HACCP\"}]},{\"@type\":\"WebSite\",\"@id\":\"https:\\\/\\\/haccponline.pl\\\/sklep\\\/#website\",\"url\":\"https:\\\/\\\/haccponline.pl\\\/sklep\\\/\",\"name\":\"HACCP Platforma szkoleniowa\",\"description\":\"HACCP Platforma szkoleniowa\",\"publisher\":{\"@id\":\"https:\\\/\\\/haccponline.pl\\\/sklep\\\/#organization\"},\"potentialAction\":[{\"@type\":\"SearchAction\",\"target\":{\"@type\":\"EntryPoint\",\"urlTemplate\":\"https:\\\/\\\/haccponline.pl\\\/sklep\\\/?s={search_term_string}\"},\"query-input\":{\"@type\":\"PropertyValueSpecification\",\"valueRequired\":true,\"valueName\":\"search_term_string\"}}],\"inLanguage\":\"pl-PL\"},{\"@type\":\"Organization\",\"@id\":\"https:\\\/\\\/haccponline.pl\\\/sklep\\\/#organization\",\"name\":\"HACCP ONLINE\",\"url\":\"https:\\\/\\\/haccponline.pl\\\/sklep\\\/\",\"logo\":{\"@type\":\"ImageObject\",\"inLanguage\":\"pl-PL\",\"@id\":\"https:\\\/\\\/haccponline.pl\\\/sklep\\\/#\\\/schema\\\/logo\\\/image\\\/\",\"url\":\"https:\\\/\\\/haccponline.pl\\\/sklep\\\/wp-content\\\/uploads\\\/2018\\\/06\\\/haccp.png\",\"contentUrl\":\"https:\\\/\\\/haccponline.pl\\\/sklep\\\/wp-content\\\/uploads\\\/2018\\\/06\\\/haccp.png\",\"width\":234,\"height\":58,\"caption\":\"HACCP ONLINE\"},\"image\":{\"@id\":\"https:\\\/\\\/haccponline.pl\\\/sklep\\\/#\\\/schema\\\/logo\\\/image\\\/\"},\"sameAs\":[\"https:\\\/\\\/www.facebook.com\\\/HaccpOnline\\\/\"]}]}<\/script>\n<!-- \/ Yoast SEO plugin. -->","yoast_head_json":{"title":"Audyt - Certyfikat HACCP | HACCP Platforma szkoleniowa","description":"Audyt oraz certyfikat potwierdzaj\u0105cy wdro\u017cenie systemu HACCP. Weryfikacja systemu zarz\u0105dzania bezpiecze\u0144stwem i higien\u0105 \u017cywno\u015bci.","robots":{"index":"index","follow":"follow","max-snippet":"max-snippet:-1","max-image-preview":"max-image-preview:large","max-video-preview":"max-video-preview:-1"},"canonical":"https:\/\/haccponline.pl\/sklep\/produkt\/audyt-certyfikat-haccp\/","og_locale":"pl_PL","og_type":"article","og_title":"Audyt - Certyfikat HACCP | HACCP Platforma szkoleniowa","og_description":"Audyt oraz certyfikat potwierdzaj\u0105cy wdro\u017cenie systemu HACCP. Weryfikacja systemu zarz\u0105dzania bezpiecze\u0144stwem i higien\u0105 \u017cywno\u015bci.","og_url":"https:\/\/haccponline.pl\/sklep\/produkt\/audyt-certyfikat-haccp\/","og_site_name":"HACCP Platforma szkoleniowa","article_publisher":"https:\/\/www.facebook.com\/HaccpOnline\/","article_modified_time":"2026-04-03T16:59:01+00:00","og_image":[{"width":600,"height":600,"url":"https:\/\/haccponline.pl\/sklep\/wp-content\/uploads\/2018\/06\/haccp-product-thumb.webp","type":"image\/webp"}],"twitter_card":"summary_large_image","twitter_misc":{"Szacowany czas czytania":"2 minuty"},"schema":{"@context":"https:\/\/schema.org","@graph":[{"@type":"WebPage","@id":"https:\/\/haccponline.pl\/sklep\/produkt\/audyt-certyfikat-haccp\/","url":"https:\/\/haccponline.pl\/sklep\/produkt\/audyt-certyfikat-haccp\/","name":"Audyt - Certyfikat HACCP | HACCP Platforma szkoleniowa","isPartOf":{"@id":"https:\/\/haccponline.pl\/sklep\/#website"},"primaryImageOfPage":{"@id":"https:\/\/haccponline.pl\/sklep\/produkt\/audyt-certyfikat-haccp\/#primaryimage"},"image":{"@id":"https:\/\/haccponline.pl\/sklep\/produkt\/audyt-certyfikat-haccp\/#primaryimage"},"thumbnailUrl":"https:\/\/haccponline.pl\/sklep\/wp-content\/uploads\/2018\/06\/haccp-product-thumb.webp","datePublished":"2022-12-27T12:10:55+00:00","dateModified":"2026-04-03T16:59:01+00:00","description":"Audyt oraz certyfikat potwierdzaj\u0105cy wdro\u017cenie systemu HACCP. Weryfikacja systemu zarz\u0105dzania bezpiecze\u0144stwem i higien\u0105 \u017cywno\u015bci.","breadcrumb":{"@id":"https:\/\/haccponline.pl\/sklep\/produkt\/audyt-certyfikat-haccp\/#breadcrumb"},"inLanguage":"pl-PL","potentialAction":[{"@type":"ReadAction","target":["https:\/\/haccponline.pl\/sklep\/produkt\/audyt-certyfikat-haccp\/"]}]},{"@type":"ImageObject","inLanguage":"pl-PL","@id":"https:\/\/haccponline.pl\/sklep\/produkt\/audyt-certyfikat-haccp\/#primaryimage","url":"https:\/\/haccponline.pl\/sklep\/wp-content\/uploads\/2018\/06\/haccp-product-thumb.webp","contentUrl":"https:\/\/haccponline.pl\/sklep\/wp-content\/uploads\/2018\/06\/haccp-product-thumb.webp","width":600,"height":600},{"@type":"BreadcrumbList","@id":"https:\/\/haccponline.pl\/sklep\/produkt\/audyt-certyfikat-haccp\/#breadcrumb","itemListElement":[{"@type":"ListItem","position":1,"name":"Strona g\u0142\u00f3wna","item":"https:\/\/haccponline.pl\/sklep\/"},{"@type":"ListItem","position":2,"name":"PLATFORMA HACCP Online","item":"https:\/\/haccponline.pl\/sklep\/haccp-online\/"},{"@type":"ListItem","position":3,"name":"Audyt &#8211; Certyfikat HACCP"}]},{"@type":"WebSite","@id":"https:\/\/haccponline.pl\/sklep\/#website","url":"https:\/\/haccponline.pl\/sklep\/","name":"HACCP Platforma szkoleniowa","description":"HACCP Platforma szkoleniowa","publisher":{"@id":"https:\/\/haccponline.pl\/sklep\/#organization"},"potentialAction":[{"@type":"SearchAction","target":{"@type":"EntryPoint","urlTemplate":"https:\/\/haccponline.pl\/sklep\/?s={search_term_string}"},"query-input":{"@type":"PropertyValueSpecification","valueRequired":true,"valueName":"search_term_string"}}],"inLanguage":"pl-PL"},{"@type":"Organization","@id":"https:\/\/haccponline.pl\/sklep\/#organization","name":"HACCP ONLINE","url":"https:\/\/haccponline.pl\/sklep\/","logo":{"@type":"ImageObject","inLanguage":"pl-PL","@id":"https:\/\/haccponline.pl\/sklep\/#\/schema\/logo\/image\/","url":"https:\/\/haccponline.pl\/sklep\/wp-content\/uploads\/2018\/06\/haccp.png","contentUrl":"https:\/\/haccponline.pl\/sklep\/wp-content\/uploads\/2018\/06\/haccp.png","width":234,"height":58,"caption":"HACCP ONLINE"},"image":{"@id":"https:\/\/haccponline.pl\/sklep\/#\/schema\/logo\/image\/"},"sameAs":["https:\/\/www.facebook.com\/HaccpOnline\/"]}]}},"_links":{"self":[{"href":"https:\/\/haccponline.pl\/sklep\/wp-json\/wp\/v2\/product\/3671","targetHints":{"allow":["GET"]}}],"collection":[{"href":"https:\/\/haccponline.pl\/sklep\/wp-json\/wp\/v2\/product"}],"about":[{"href":"https:\/\/haccponline.pl\/sklep\/wp-json\/wp\/v2\/types\/product"}],"replies":[{"embeddable":true,"href":"https:\/\/haccponline.pl\/sklep\/wp-json\/wp\/v2\/comments?post=3671"}],"wp:featuredmedia":[{"embeddable":true,"href":"https:\/\/haccponline.pl\/sklep\/wp-json\/wp\/v2\/media\/5838"}],"wp:attachment":[{"href":"https:\/\/haccponline.pl\/sklep\/wp-json\/wp\/v2\/media?parent=3671"}],"wp:term":[{"taxonomy":"product_brand","embeddable":true,"href":"https:\/\/haccponline.pl\/sklep\/wp-json\/wp\/v2\/product_brand?post=3671"},{"taxonomy":"product_cat","embeddable":true,"href":"https:\/\/haccponline.pl\/sklep\/wp-json\/wp\/v2\/product_cat?post=3671"},{"taxonomy":"product_tag","embeddable":true,"href":"https:\/\/haccponline.pl\/sklep\/wp-json\/wp\/v2\/product_tag?post=3671"}],"curies":[{"name":"wp","href":"https:\/\/api.w.org\/{rel}","templated":true}]}}