{"id":4287,"date":"2023-07-05T20:04:09","date_gmt":"2023-07-05T18:04:09","guid":{"rendered":"https:\/\/haccponline.pl\/sklep\/?post_type=product&#038;p=4287"},"modified":"2024-10-20T01:09:38","modified_gmt":"2024-10-19T23:09:38","slug":"pakiet-5-szkolen-haccp-ghp-gmp","status":"publish","type":"product","link":"https:\/\/haccponline.pl\/sklep\/produkt\/pakiet-5-szkolen-haccp-ghp-gmp\/","title":{"rendered":"Pakiet 5 szkole\u0144 HACCP\/GHP\/GMP"},"content":{"rendered":"<p><strong>Pakiet szkole\u0144\u00a0 HACCP online\u00a0 z certyfikatami dla 5 os\u00f3b<\/strong>.\u00a0 Szkolenia og\u00f3lne HACCP\/GHP\/GMP wymagane przez Sanepid, przeznaczone dla os\u00f3b pracuj\u0105cych w typach plac\u00f3wek wymienionych poni\u017cej. Po uko\u0144czeniu szkolenia ka\u017cdy z uczestnik\u00f3w otrzymuje od razu certyfikat.<\/p>\n<div class=\"wcinfo shift\">Szkolenia udost\u0119pniamy w ci\u0105gu 2 dni po zakupie.<\/div>\n<p><strong>Uwaga: Przy zakupie prosimy poda\u0107 oznaczenie szkolenia (np. SKH) &#8211; w FORMULARZU ZAM\u00d3WIENIA. <\/strong>Na tej podstawie przydzielimy szkolenia.<\/p>\n<table class=\"table2\" border=\"0\">\n<tbody>\n<tr>\n<td>\n<p style=\"text-align: center;\"><span style=\"font-size: 10pt;\"><strong>\u00a0<\/strong><\/span><\/p>\n<p style=\"text-align: center;\"><strong>Szkolenia SS<\/strong><span style=\"font-size: 10pt;\"><strong><br \/>\n<\/strong><\/span><\/p>\n<\/td>\n<td>\n<p style=\"text-align: center;\"><span style=\"font-size: 10pt;\"><strong>\u00a0<\/strong><\/span><\/p>\n<p><strong>HACCP\/GHP\/GMP &#8211; w sektorze spo\u017cywczym<\/strong><\/td>\n<td>&nbsp;<\/p>\n<p>Kurs podstawowy oraz rozszerzony\u00a0 w zakresie\u00a0 aspekt\u00f3w wdra\u017cania zasad systemu bezpiecze\u0144stwa \u017cywno\u015bci, zasad systemu HACCP i dobrych praktyk w sektorze \u017cywno\u015bciowym. Jest to szkolenie skierowane do os\u00f3b pracuj\u0105cych w sektorze \u017cywno\u015bciowym.<\/td>\n<\/tr>\n<tr>\n<td>\n<p style=\"text-align: center;\"><strong>Szkolenia SKH<\/strong><span style=\"font-size: 10pt;\"><strong><br \/>\n<\/strong><\/span><\/p>\n<\/td>\n<td><strong>HACCP\/GHP\/GMP\u00a0 <\/strong><strong>&#8211; obr\u00f3t \u017cywno\u015bci\u0105: sklepy, kioski, hurtownie spo\u017cywcze<\/strong><\/td>\n<td>Kurs podstawowy oraz rozszerzony w zakresie praktycznych aspekt\u00f3w wdra\u017cania zasad systemu bezpiecze\u0144stwa \u017cywno\u015bci, zasad systemu HACCP i dobrych praktyk w obrocie \u017cywno\u015bci\u0105. Jest to szkolenie skierowane do os\u00f3b pracuj\u0105cych w obrocie \u017cywno\u015bci\u0105 czyli w takich miejscach jak na przyk\u0142ad: sklepy, kioski, hurtownie spo\u017cywcze i tym podobne.<\/td>\n<\/tr>\n<tr>\n<td><strong>Szkolenia ZZZ<\/strong><\/td>\n<td><strong>HACCP\/GHP\/GMP\u00a0 &#8211; \u017cywienie zbiorowe zamkni\u0119te<\/strong><\/td>\n<td>Kurs podstawowy oraz rozszerzony w zakresie praktycznych aspekt\u00f3w wdra\u017cania zasad systemu bezpiecze\u0144stwa \u017cywno\u015bci, zasad systemu HACCP i dobrych praktyk w \u017cywieniu zbiorowym zamkni\u0119tym. Szkolenie skierowane jest do os\u00f3b pracuj\u0105cych w zak\u0142adach \u017cywienia zbiorowego zamkni\u0119tego, czyli w takich plac\u00f3wkach jak na przyk\u0142ad: przedszkola, szko\u0142y, domy spokojnej staro\u015bci, domy dziecka, o\u015brodki wypoczynkowe, sanatoria i tym podobne.<\/td>\n<\/tr>\n<tr>\n<td><strong>Szkolenia ZZO<\/strong><\/p>\n<p style=\"text-align: center;\"><span style=\"font-size: 10pt;\"><strong><span style=\"line-height: 115%;\">\u00a0<\/span><\/strong><\/span><\/p>\n<p style=\"text-align: center;\">\n<\/td>\n<td><strong>HACCP\/GHP\/GMP\u00a0 &#8211; \u017cywienie zbiorowe otwarte<\/strong><\/td>\n<td>Kurs podstawowy oraz rozszerzony w zakresie praktycznych aspekt\u00f3w wdra\u017cania zasad systemu bezpiecze\u0144stwa \u017cywno\u015bci, zasad systemu HACCP i dobrych praktyk w \u017cywieniu zbiorowym otwartym. Jest to szkolenie skierowane do os\u00f3b pracuj\u0105cych w zak\u0142adach \u017cywienia zbiorowego otwartego, czyli w takich miejscach jak na przyk\u0142ad: restauracje, bary, puby i tym podobne.<\/td>\n<\/tr>\n<tr>\n<td><strong>Szkolenia ZZOSO<\/strong><\/td>\n<td><strong>HACCP\/GHP\/GMP\u00a0 &#8211; \u017cywienie zbiorowe otwarte &#8211; restauracje, bary oferuj\u0105ce sushi<\/strong><\/td>\n<td>Kurs podstawowy oraz rozszerzony w zakresie praktycznych aspekt\u00f3w wdra\u017cania zasad systemu bezpiecze\u0144stwa \u017cywno\u015bci, zasad systemu HACCP i dobrych praktyk w \u017cywieniu zbiorowym otwartym &#8211; w restauracjach i barach oferuj\u0105cych sushi.<\/td>\n<\/tr>\n<tr>\n<td><strong>Szkolenia PCK<\/strong><\/p>\n<p style=\"text-align: center;\"><span style=\"font-size: 10pt;\"><strong><span style=\"font-size: 8pt;\">\u00a0<\/span><\/strong><\/span><\/p>\n<\/td>\n<td><strong>HACCP\/GHP\/GMP w praktyce <\/strong><strong>&#8211; w piekarni, cukierni, kawiarni<\/strong><\/td>\n<td>Kurs podstawowy oraz rozszerzony w zakresie praktycznych aspekt\u00f3w wdra\u017cania zasad systemu bezpiecze\u0144stwa \u017cywno\u015bci, zasad systemu HACCP i dobrych praktyk w piekarniach, ciastkarniach etc. Szkolenie skierowane jest do os\u00f3b pracuj\u0105cych przy produkcji pieczywa, ciastek, prowadz\u0105cych cukiernie, ma\u0142e kawiarnie.<\/td>\n<\/tr>\n<tr>\n<td><strong>Szkolenia HOW<\/strong><\/p>\n<p style=\"text-align: center;\"><strong>\u00a0<\/strong><\/p>\n<\/td>\n<td><strong>HACCP\/GHP\/GMP\u00a0 &#8211; hurtownie owoc\u00f3w i warzyw<\/strong><\/td>\n<td>Kurs podstawowy oraz rozszerzony w zakresie praktycznych aspekt\u00f3w wdra\u017cania zasad systemu bezpiecze\u0144stwa \u017cywno\u015bci, zasad systemu HACCP i dobrych praktyk w hurtowniach owoc\u00f3w i warzyw.\u00a0 Jest to szkolenie skierowane do os\u00f3b pracuj\u0105cych w obrocie \u017cywno\u015bci\u0105 czyli w takich miejscach jak na przyk\u0142ad: hurtownie owoc\u00f3w i warzyw.<\/td>\n<\/tr>\n<\/tbody>\n<\/table>\n<h2>Certyfikat szkolenia HACCP &#8211; dla kogo?<\/h2>\n<p><span style=\"font-weight: 400;\">Je\u017celi jeste\u015b osob\u0105 pracuj\u0105c\u0105 w bran\u017cy gastronomicznej, b\u0105d\u017a masz do czynienia z \u017cywno\u015bci\u0105, na przyk\u0142ad prowadzisz w\u0142asny sklep spo\u017cywczy, b\u0105d\u017a jeste\u015b producentem \u017cywno\u015bci, albo nawet po\u015brednikiem w jej dystrybucji, to <\/span><b>certyfikat HACCP<\/b><span style=\"font-weight: 400;\"> potwierdzaj\u0105cy uko\u0144czenie szkolenia z zakresu m.in. aspekt\u00f3w wdra\u017cania zasad systemu bezpiecze\u0144stwa \u017cywno\u015bci jest dla Ciebie niezb\u0119dny. Zdobycie <\/span><b>certyfikatu HACCP<\/b><span style=\"font-weight: 400;\">\u00a0 nie wi\u0105\u017ce si\u0119 jednak ze szczeg\u00f3lnym wysi\u0142kiem oraz nadzwyczajnie wyg\u00f3rowanymi kosztami. Mo\u017cesz sta\u0107 si\u0119 jego posiadaczem \u0142atwo, szybko i wygodnie, poprzez uczestnictwo w naszych internetowych kursach i szkoleniach. Ich e-learningowa forma sprawia, \u017ce nie musisz wychodzi\u0107 z domu, a nawet z pracy, sam wybierasz dogodne miejsce i czas do nauki, a dost\u0119p do kurs\u00f3w masz od razu po wykupieniu kursu. Nauka trwa maksymalnie 2 godziny, dzi\u0119ki czemu Tw\u00f3j <\/span><b>certyfikat HACCP<\/b><span style=\"font-weight: 400;\"> mo\u017cesz zdoby\u0107 od r\u0119ki. To idealna forma dla os\u00f3b zapracowanych, \u017cyj\u0105cych w codziennym biegu, a przecie\u017c tak w\u0142a\u015bnie najcz\u0119\u015bciej bywa w bran\u017cy gastronomicznej i spo\u017cywczej &#8211; w ko\u0144cu pracujesz z artyku\u0142em pierwszej potrzeby.<\/span><\/p>\n<h2>HACCP &#8211; czym w\u0142a\u015bciwie jest?<\/h2>\n<p><span style=\"font-weight: 400;\">HACCP to skr\u00f3t od Hazard Analysis and Critical Control Point. Jest to system, kt\u00f3ry pomaga w identyfikowaniu i zarz\u0105dzaniu ryzykami zwi\u0105zanymi z bezpiecze\u0144stwem \u017cywno\u015bci. System HACCP jest obowi\u0105zkowy dla wszystkich przedsi\u0119biorstw produkuj\u0105cych, przechowuj\u0105cych lub dystrybuuj\u0105cych \u017cywno\u015b\u0107 bez wzgl\u0119du na ich wielko\u015b\u0107.<\/span><\/p>\n<p><span style=\"font-weight: 400;\">Aby uzyska\u0107 <\/span><b>certyfikat szkolenia HACCP,<\/b><span style=\"font-weight: 400;\"> nale\u017cy uko\u0144czy\u0107 <strong>kurs HACCP<\/strong> prowadzony przez wyspecjalizowan\u0105 jednostk\u0119 szkoleniow\u0105, np. haccponline.pl. Kurs ten ma na celu pom\u00f3c pracownikom rozwin\u0105\u0107 umiej\u0119tno\u015bci niezb\u0119dne do identyfikowania i zarz\u0105dzania ryzykami zwi\u0105zanymi z bezpiecze\u0144stwem \u017cywno\u015bci.<\/span><\/p>\n<p><b>Certyfikat HACCP<\/b><span style=\"font-weight: 400;\"> potwierdza, \u017ce znasz formy analizy zagro\u017ce\u0144 dla jako\u015bci \u017cywno\u015bci oraz krytyczne punkty jej kontroli, zar\u00f3wno podczas wytwarzania produkt\u00f3w spo\u017cywczych, jak i ich przetwarzania, czy dystrybuowania. W dzisiejszych czasach, wdro\u017cenie i znajomo\u015b\u0107 zasad <\/span><b>HACCP<\/b><span style=\"font-weight: 400;\"> s\u0105 konieczne. Dzi\u0119ki naszym szkoleniom posi\u0105dziesz wiedz\u0119 z zakresu praktycznych aspekt\u00f3w wdra\u017cania zasad systemu bezpiecze\u0144stwa \u017cywno\u015bci, zasad systemu HACCP i dobrych praktyk, np. w piekarniach, ciastkarniach, kawiarni, hurtowni warzyw\/owoc\u00f3w. Tym samym uzyskuj\u0105c<\/span><b> certyfikat HACCP<\/b><span style=\"font-weight: 400;\"> dbasz o bezpiecze\u0144stwo swoje, swoich pracownik\u00f3w, ale przede wszystkim klient\u00f3w &#8211; wiedza z naszych szkole\u0144 procentuje wi\u0119c od razu po prze\u0142o\u017ceniu jej na praktyk\u0119 i wdro\u017ceniu norm w Twojej firmie.<\/span><\/p>\n","protected":false},"excerpt":{"rendered":"<ul>\n<li>Szkolenie HACCP\/GHP\/GMP w praktyce &#8211; dla 5 os.<\/li>\n<li>Przeznaczone dla pracownik\u00f3w i kadry zarz\u0105dzaj\u0105cej r\u00f3\u017cnych bran\u017c<\/li>\n<li>Certyfikat uko\u0144czenia &#8211; polski\/angielski<\/li>\n<li>Najni\u017csza cena w ci\u0105gu ostatnich 30 dni!<\/li>\n<\/ul>\n","protected":false},"featured_media":5838,"comment_status":"closed","ping_status":"closed","template":"","meta":{"site-sidebar-layout":"default","site-content-layout":"","ast-site-content-layout":"default","site-content-style":"default","site-sidebar-style":"default","ast-global-header-display":"","ast-banner-title-visibility":"","ast-main-header-display":"","ast-hfb-above-header-display":"","ast-hfb-below-header-display":"","ast-hfb-mobile-header-display":"","site-post-title":"","ast-breadcrumbs-content":"","ast-featured-img":"","footer-sml-layout":"","ast-disable-related-posts":"","theme-transparent-header-meta":"default","adv-header-id-meta":"","stick-header-meta":"","header-above-stick-meta":"","header-main-stick-meta":"","header-below-stick-meta":"","astra-migrate-meta-layouts":"set","ast-page-background-enabled":"default","ast-page-background-meta":{"desktop":{"background-color":"var(--ast-global-color-4)","background-image":"","background-repeat":"repeat","background-position":"center center","background-size":"auto","background-attachment":"scroll","background-type":"","background-media":"","overlay-type":"","overlay-color":"","overlay-opacity":"","overlay-gradient":""},"tablet":{"background-color":"","background-image":"","background-repeat":"repeat","background-position":"center center","background-size":"auto","background-attachment":"scroll","background-type":"","background-media":"","overlay-type":"","overlay-color":"","overlay-opacity":"","overlay-gradient":""},"mobile":{"background-color":"","background-image":"","background-repeat":"repeat","background-position":"center center","background-size":"auto","background-attachment":"scroll","background-type":"","background-media":"","overlay-type":"","overlay-color":"","overlay-opacity":"","overlay-gradient":""}},"ast-content-background-meta":{"desktop":{"background-color":"var(--ast-global-color-5)","background-image":"","background-repeat":"repeat","background-position":"center center","background-size":"auto","background-attachment":"scroll","background-type":"","background-media":"","overlay-type":"","overlay-color":"","overlay-opacity":"","overlay-gradient":""},"tablet":{"background-color":"var(--ast-global-color-5)","background-image":"","background-repeat":"repeat","background-position":"center center","background-size":"auto","background-attachment":"scroll","background-type":"","background-media":"","overlay-type":"","overlay-color":"","overlay-opacity":"","overlay-gradient":""},"mobile":{"background-color":"var(--ast-global-color-5)","background-image":"","background-repeat":"repeat","background-position":"center center","background-size":"auto","background-attachment":"scroll","background-type":"","background-media":"","overlay-type":"","overlay-color":"","overlay-opacity":"","overlay-gradient":""}}},"product_brand":[],"product_cat":[15,18],"product_tag":[26],"class_list":{"0":"post-4287","1":"product","2":"type-product","3":"status-publish","4":"has-post-thumbnail","6":"product_cat-szkolenia-online","7":"product_cat-pakiety","8":"product_tag-szkolenie-haccp","9":"desktop-align-center","10":"tablet-align-left","11":"mobile-align-left","13":"first","14":"instock","15":"sale","16":"virtual","17":"taxable","18":"purchasable","19":"product-type-simple"},"yoast_head":"<!-- This site is optimized with the Yoast SEO plugin v27.3 - https:\/\/yoast.com\/product\/yoast-seo-wordpress\/ -->\n<title>Haccp kurs i certyfikat | Poznaj ofert\u0119 naszych szkole\u0144 \u2705 - HACCP Online<\/title>\n<meta name=\"description\" content=\"Szukasz profesjonalnego kursu HACCP dla swoich pracownik\u00f3w? Zale\u017cy Ci na szkoleniu dla sektora spo\u017cywczego? Odwied\u017a HACCPOnline i zdecyduj si\u0119 na szkolenia podstawowe. Certyfikat w j\u0119zykach polski\/angielski gwarantowany!\" \/>\n<meta name=\"robots\" content=\"index, follow, max-snippet:-1, max-image-preview:large, max-video-preview:-1\" \/>\n<link rel=\"canonical\" href=\"https:\/\/haccponline.pl\/sklep\/produkt\/pakiet-5-szkolen-haccp-ghp-gmp\/\" \/>\n<meta property=\"og:locale\" content=\"pl_PL\" \/>\n<meta property=\"og:type\" content=\"article\" \/>\n<meta property=\"og:title\" content=\"Haccp kurs i certyfikat | Poznaj ofert\u0119 naszych szkole\u0144 \u2705 - HACCP Online\" \/>\n<meta property=\"og:description\" content=\"Szukasz profesjonalnego kursu HACCP dla swoich pracownik\u00f3w? Zale\u017cy Ci na szkoleniu dla sektora spo\u017cywczego? Odwied\u017a HACCPOnline i zdecyduj si\u0119 na szkolenia podstawowe. Certyfikat w j\u0119zykach polski\/angielski gwarantowany!\" \/>\n<meta property=\"og:url\" content=\"https:\/\/haccponline.pl\/sklep\/produkt\/pakiet-5-szkolen-haccp-ghp-gmp\/\" \/>\n<meta property=\"og:site_name\" content=\"HACCP Platforma szkoleniowa\" \/>\n<meta property=\"article:publisher\" content=\"https:\/\/www.facebook.com\/HaccpOnline\/\" \/>\n<meta property=\"article:modified_time\" content=\"2024-10-19T23:09:38+00:00\" \/>\n<meta property=\"og:image\" content=\"https:\/\/haccponline.pl\/sklep\/wp-content\/uploads\/2018\/06\/haccp-product-thumb.webp\" \/>\n\t<meta property=\"og:image:width\" content=\"600\" \/>\n\t<meta property=\"og:image:height\" content=\"600\" \/>\n\t<meta property=\"og:image:type\" content=\"image\/webp\" \/>\n<meta name=\"twitter:card\" content=\"summary_large_image\" \/>\n<meta name=\"twitter:label1\" content=\"Szacowany czas czytania\" \/>\n\t<meta name=\"twitter:data1\" content=\"5 minut\" \/>\n<script type=\"application\/ld+json\" class=\"yoast-schema-graph\">{\"@context\":\"https:\\\/\\\/schema.org\",\"@graph\":[{\"@type\":\"WebPage\",\"@id\":\"https:\\\/\\\/haccponline.pl\\\/sklep\\\/produkt\\\/pakiet-5-szkolen-haccp-ghp-gmp\\\/\",\"url\":\"https:\\\/\\\/haccponline.pl\\\/sklep\\\/produkt\\\/pakiet-5-szkolen-haccp-ghp-gmp\\\/\",\"name\":\"Haccp kurs i certyfikat | Poznaj ofert\u0119 naszych szkole\u0144 \u2705 - HACCP Online\",\"isPartOf\":{\"@id\":\"https:\\\/\\\/haccponline.pl\\\/sklep\\\/#website\"},\"primaryImageOfPage\":{\"@id\":\"https:\\\/\\\/haccponline.pl\\\/sklep\\\/produkt\\\/pakiet-5-szkolen-haccp-ghp-gmp\\\/#primaryimage\"},\"image\":{\"@id\":\"https:\\\/\\\/haccponline.pl\\\/sklep\\\/produkt\\\/pakiet-5-szkolen-haccp-ghp-gmp\\\/#primaryimage\"},\"thumbnailUrl\":\"https:\\\/\\\/haccponline.pl\\\/sklep\\\/wp-content\\\/uploads\\\/2018\\\/06\\\/haccp-product-thumb.webp\",\"datePublished\":\"2023-07-05T18:04:09+00:00\",\"dateModified\":\"2024-10-19T23:09:38+00:00\",\"description\":\"Szukasz profesjonalnego kursu HACCP dla swoich pracownik\u00f3w? Zale\u017cy Ci na szkoleniu dla sektora spo\u017cywczego? Odwied\u017a HACCPOnline i zdecyduj si\u0119 na szkolenia podstawowe. Certyfikat w j\u0119zykach polski\\\/angielski gwarantowany!\",\"breadcrumb\":{\"@id\":\"https:\\\/\\\/haccponline.pl\\\/sklep\\\/produkt\\\/pakiet-5-szkolen-haccp-ghp-gmp\\\/#breadcrumb\"},\"inLanguage\":\"pl-PL\",\"potentialAction\":[{\"@type\":\"ReadAction\",\"target\":[\"https:\\\/\\\/haccponline.pl\\\/sklep\\\/produkt\\\/pakiet-5-szkolen-haccp-ghp-gmp\\\/\"]}]},{\"@type\":\"ImageObject\",\"inLanguage\":\"pl-PL\",\"@id\":\"https:\\\/\\\/haccponline.pl\\\/sklep\\\/produkt\\\/pakiet-5-szkolen-haccp-ghp-gmp\\\/#primaryimage\",\"url\":\"https:\\\/\\\/haccponline.pl\\\/sklep\\\/wp-content\\\/uploads\\\/2018\\\/06\\\/haccp-product-thumb.webp\",\"contentUrl\":\"https:\\\/\\\/haccponline.pl\\\/sklep\\\/wp-content\\\/uploads\\\/2018\\\/06\\\/haccp-product-thumb.webp\",\"width\":600,\"height\":600},{\"@type\":\"BreadcrumbList\",\"@id\":\"https:\\\/\\\/haccponline.pl\\\/sklep\\\/produkt\\\/pakiet-5-szkolen-haccp-ghp-gmp\\\/#breadcrumb\",\"itemListElement\":[{\"@type\":\"ListItem\",\"position\":1,\"name\":\"Strona g\u0142\u00f3wna\",\"item\":\"https:\\\/\\\/haccponline.pl\\\/sklep\\\/\"},{\"@type\":\"ListItem\",\"position\":2,\"name\":\"PLATFORMA HACCP Online\",\"item\":\"https:\\\/\\\/haccponline.pl\\\/sklep\\\/haccp-online\\\/\"},{\"@type\":\"ListItem\",\"position\":3,\"name\":\"Pakiet 5 szkole\u0144 HACCP\\\/GHP\\\/GMP\"}]},{\"@type\":\"WebSite\",\"@id\":\"https:\\\/\\\/haccponline.pl\\\/sklep\\\/#website\",\"url\":\"https:\\\/\\\/haccponline.pl\\\/sklep\\\/\",\"name\":\"HACCP Platforma szkoleniowa\",\"description\":\"HACCP Platforma szkoleniowa\",\"publisher\":{\"@id\":\"https:\\\/\\\/haccponline.pl\\\/sklep\\\/#organization\"},\"potentialAction\":[{\"@type\":\"SearchAction\",\"target\":{\"@type\":\"EntryPoint\",\"urlTemplate\":\"https:\\\/\\\/haccponline.pl\\\/sklep\\\/?s={search_term_string}\"},\"query-input\":{\"@type\":\"PropertyValueSpecification\",\"valueRequired\":true,\"valueName\":\"search_term_string\"}}],\"inLanguage\":\"pl-PL\"},{\"@type\":\"Organization\",\"@id\":\"https:\\\/\\\/haccponline.pl\\\/sklep\\\/#organization\",\"name\":\"HACCP ONLINE\",\"url\":\"https:\\\/\\\/haccponline.pl\\\/sklep\\\/\",\"logo\":{\"@type\":\"ImageObject\",\"inLanguage\":\"pl-PL\",\"@id\":\"https:\\\/\\\/haccponline.pl\\\/sklep\\\/#\\\/schema\\\/logo\\\/image\\\/\",\"url\":\"https:\\\/\\\/haccponline.pl\\\/sklep\\\/wp-content\\\/uploads\\\/2018\\\/06\\\/haccp.png\",\"contentUrl\":\"https:\\\/\\\/haccponline.pl\\\/sklep\\\/wp-content\\\/uploads\\\/2018\\\/06\\\/haccp.png\",\"width\":234,\"height\":58,\"caption\":\"HACCP ONLINE\"},\"image\":{\"@id\":\"https:\\\/\\\/haccponline.pl\\\/sklep\\\/#\\\/schema\\\/logo\\\/image\\\/\"},\"sameAs\":[\"https:\\\/\\\/www.facebook.com\\\/HaccpOnline\\\/\"]}]}<\/script>\n<!-- \/ Yoast SEO plugin. -->","yoast_head_json":{"title":"Haccp kurs i certyfikat | Poznaj ofert\u0119 naszych szkole\u0144 \u2705 - HACCP Online","description":"Szukasz profesjonalnego kursu HACCP dla swoich pracownik\u00f3w? Zale\u017cy Ci na szkoleniu dla sektora spo\u017cywczego? Odwied\u017a HACCPOnline i zdecyduj si\u0119 na szkolenia podstawowe. Certyfikat w j\u0119zykach polski\/angielski gwarantowany!","robots":{"index":"index","follow":"follow","max-snippet":"max-snippet:-1","max-image-preview":"max-image-preview:large","max-video-preview":"max-video-preview:-1"},"canonical":"https:\/\/haccponline.pl\/sklep\/produkt\/pakiet-5-szkolen-haccp-ghp-gmp\/","og_locale":"pl_PL","og_type":"article","og_title":"Haccp kurs i certyfikat | Poznaj ofert\u0119 naszych szkole\u0144 \u2705 - HACCP Online","og_description":"Szukasz profesjonalnego kursu HACCP dla swoich pracownik\u00f3w? Zale\u017cy Ci na szkoleniu dla sektora spo\u017cywczego? Odwied\u017a HACCPOnline i zdecyduj si\u0119 na szkolenia podstawowe. Certyfikat w j\u0119zykach polski\/angielski gwarantowany!","og_url":"https:\/\/haccponline.pl\/sklep\/produkt\/pakiet-5-szkolen-haccp-ghp-gmp\/","og_site_name":"HACCP Platforma szkoleniowa","article_publisher":"https:\/\/www.facebook.com\/HaccpOnline\/","article_modified_time":"2024-10-19T23:09:38+00:00","og_image":[{"width":600,"height":600,"url":"https:\/\/haccponline.pl\/sklep\/wp-content\/uploads\/2018\/06\/haccp-product-thumb.webp","type":"image\/webp"}],"twitter_card":"summary_large_image","twitter_misc":{"Szacowany czas czytania":"5 minut"},"schema":{"@context":"https:\/\/schema.org","@graph":[{"@type":"WebPage","@id":"https:\/\/haccponline.pl\/sklep\/produkt\/pakiet-5-szkolen-haccp-ghp-gmp\/","url":"https:\/\/haccponline.pl\/sklep\/produkt\/pakiet-5-szkolen-haccp-ghp-gmp\/","name":"Haccp kurs i certyfikat | Poznaj ofert\u0119 naszych szkole\u0144 \u2705 - HACCP Online","isPartOf":{"@id":"https:\/\/haccponline.pl\/sklep\/#website"},"primaryImageOfPage":{"@id":"https:\/\/haccponline.pl\/sklep\/produkt\/pakiet-5-szkolen-haccp-ghp-gmp\/#primaryimage"},"image":{"@id":"https:\/\/haccponline.pl\/sklep\/produkt\/pakiet-5-szkolen-haccp-ghp-gmp\/#primaryimage"},"thumbnailUrl":"https:\/\/haccponline.pl\/sklep\/wp-content\/uploads\/2018\/06\/haccp-product-thumb.webp","datePublished":"2023-07-05T18:04:09+00:00","dateModified":"2024-10-19T23:09:38+00:00","description":"Szukasz profesjonalnego kursu HACCP dla swoich pracownik\u00f3w? Zale\u017cy Ci na szkoleniu dla sektora spo\u017cywczego? Odwied\u017a HACCPOnline i zdecyduj si\u0119 na szkolenia podstawowe. Certyfikat w j\u0119zykach polski\/angielski gwarantowany!","breadcrumb":{"@id":"https:\/\/haccponline.pl\/sklep\/produkt\/pakiet-5-szkolen-haccp-ghp-gmp\/#breadcrumb"},"inLanguage":"pl-PL","potentialAction":[{"@type":"ReadAction","target":["https:\/\/haccponline.pl\/sklep\/produkt\/pakiet-5-szkolen-haccp-ghp-gmp\/"]}]},{"@type":"ImageObject","inLanguage":"pl-PL","@id":"https:\/\/haccponline.pl\/sklep\/produkt\/pakiet-5-szkolen-haccp-ghp-gmp\/#primaryimage","url":"https:\/\/haccponline.pl\/sklep\/wp-content\/uploads\/2018\/06\/haccp-product-thumb.webp","contentUrl":"https:\/\/haccponline.pl\/sklep\/wp-content\/uploads\/2018\/06\/haccp-product-thumb.webp","width":600,"height":600},{"@type":"BreadcrumbList","@id":"https:\/\/haccponline.pl\/sklep\/produkt\/pakiet-5-szkolen-haccp-ghp-gmp\/#breadcrumb","itemListElement":[{"@type":"ListItem","position":1,"name":"Strona g\u0142\u00f3wna","item":"https:\/\/haccponline.pl\/sklep\/"},{"@type":"ListItem","position":2,"name":"PLATFORMA HACCP Online","item":"https:\/\/haccponline.pl\/sklep\/haccp-online\/"},{"@type":"ListItem","position":3,"name":"Pakiet 5 szkole\u0144 HACCP\/GHP\/GMP"}]},{"@type":"WebSite","@id":"https:\/\/haccponline.pl\/sklep\/#website","url":"https:\/\/haccponline.pl\/sklep\/","name":"HACCP Platforma szkoleniowa","description":"HACCP Platforma szkoleniowa","publisher":{"@id":"https:\/\/haccponline.pl\/sklep\/#organization"},"potentialAction":[{"@type":"SearchAction","target":{"@type":"EntryPoint","urlTemplate":"https:\/\/haccponline.pl\/sklep\/?s={search_term_string}"},"query-input":{"@type":"PropertyValueSpecification","valueRequired":true,"valueName":"search_term_string"}}],"inLanguage":"pl-PL"},{"@type":"Organization","@id":"https:\/\/haccponline.pl\/sklep\/#organization","name":"HACCP ONLINE","url":"https:\/\/haccponline.pl\/sklep\/","logo":{"@type":"ImageObject","inLanguage":"pl-PL","@id":"https:\/\/haccponline.pl\/sklep\/#\/schema\/logo\/image\/","url":"https:\/\/haccponline.pl\/sklep\/wp-content\/uploads\/2018\/06\/haccp.png","contentUrl":"https:\/\/haccponline.pl\/sklep\/wp-content\/uploads\/2018\/06\/haccp.png","width":234,"height":58,"caption":"HACCP ONLINE"},"image":{"@id":"https:\/\/haccponline.pl\/sklep\/#\/schema\/logo\/image\/"},"sameAs":["https:\/\/www.facebook.com\/HaccpOnline\/"]}]}},"_links":{"self":[{"href":"https:\/\/haccponline.pl\/sklep\/wp-json\/wp\/v2\/product\/4287","targetHints":{"allow":["GET"]}}],"collection":[{"href":"https:\/\/haccponline.pl\/sklep\/wp-json\/wp\/v2\/product"}],"about":[{"href":"https:\/\/haccponline.pl\/sklep\/wp-json\/wp\/v2\/types\/product"}],"replies":[{"embeddable":true,"href":"https:\/\/haccponline.pl\/sklep\/wp-json\/wp\/v2\/comments?post=4287"}],"wp:featuredmedia":[{"embeddable":true,"href":"https:\/\/haccponline.pl\/sklep\/wp-json\/wp\/v2\/media\/5838"}],"wp:attachment":[{"href":"https:\/\/haccponline.pl\/sklep\/wp-json\/wp\/v2\/media?parent=4287"}],"wp:term":[{"taxonomy":"product_brand","embeddable":true,"href":"https:\/\/haccponline.pl\/sklep\/wp-json\/wp\/v2\/product_brand?post=4287"},{"taxonomy":"product_cat","embeddable":true,"href":"https:\/\/haccponline.pl\/sklep\/wp-json\/wp\/v2\/product_cat?post=4287"},{"taxonomy":"product_tag","embeddable":true,"href":"https:\/\/haccponline.pl\/sklep\/wp-json\/wp\/v2\/product_tag?post=4287"}],"curies":[{"name":"wp","href":"https:\/\/api.w.org\/{rel}","templated":true}]}}